{"id":35420,"date":"2023-12-05T09:45:01","date_gmt":"2023-12-05T07:45:01","guid":{"rendered":"https:\/\/laura.fi\/rekrytointi\/?page_id=35420"},"modified":"2023-12-27T13:27:50","modified_gmt":"2023-12-27T11:27:50","slug":"future-of-recruitment-rekrytoinnin-tulevaisuus","status":"publish","type":"page","link":"https:\/\/laura.fi\/rekrytointi\/tutkimukset\/future-of-recruitment-rekrytoinnin-tulevaisuus\/","title":{"rendered":"Future of Recruitment &#8211; Rekrytoinnin tulevaisuus"},"content":{"rendered":"<div id=\"cs-content\" class=\"cs-content\"><\/div>\n","protected":false},"excerpt":{"rendered":"<p>Future of Recruitment \u2013 Rekrytoinnin tulevaisuusFuture of Recruitment \u2013 Rekrytoinnin tulevaisuus on maailman suurin ty\u00f6nhakijoiden rekrytointimieltymysten selvitt\u00e4miseen keskittynyt tutkimus, johon osallistui 90 000 ihmist\u00e4 160 maassa. Tutkimus paljastaa, miten osaajat haluavat tulla rekrytoiduksi, mik\u00e4 on heille t\u00e4rke\u00e4\u00e4 ty\u00f6nhaussa ja mitk\u00e4 rekrytointiprosessin osa-alueet pelottavat heit\u00e4. Tutkimuksen toteuttivat maailman johtava online-rekrytointiyhteis\u00f6 The Network ja liikkeenjohdon konsulttiyritys The Boston Consulting Group. Kysely suoritettiin &#8230; <\/p>\n<div><a href=\"https:\/\/laura.fi\/rekrytointi\/tutkimukset\/future-of-recruitment-rekrytoinnin-tulevaisuus\/\" class=\"more-link\">Lue lis\u00e4\u00e4<\/a><\/div>\n","protected":false},"author":25,"featured_media":0,"parent":35416,"menu_order":0,"comment_status":"closed","ping_status":"closed","template":"template-layout-full-width.php","meta":{"footnotes":""},"class_list":["post-35420","page","type-page","status-publish","hentry","no-post-thumbnail"],"yoast_head":"<!-- This site is optimized with the Yoast SEO plugin v20.9 - https:\/\/yoast.com\/wordpress\/plugins\/seo\/ -->\n<title>Future of Recruitment - Rekrytoinnin tulevaisuus - Laura.fi<\/title>\n<meta name=\"description\" content=\"Future of Recruitment \u2013 Rekrytoinnin tulevaisuus on maailman suurin ty\u00f6nhakijoiden rekrytointimieltymyksi\u00e4 selvitt\u00e4v\u00e4 tutkimus. Tutustu ja lataa raportit!\" \/>\n<meta name=\"robots\" content=\"index, follow, max-snippet:-1, max-image-preview:large, max-video-preview:-1\" \/>\n<link rel=\"canonical\" href=\"https:\/\/laura.fi\/rekrytointi\/tutkimukset\/future-of-recruitment-rekrytoinnin-tulevaisuus\/\" \/>\n<meta property=\"og:locale\" content=\"fi_FI\" \/>\n<meta property=\"og:type\" content=\"article\" \/>\n<meta property=\"og:title\" content=\"Future of Recruitment - Rekrytoinnin tulevaisuus - Laura.fi\" \/>\n<meta property=\"og:description\" content=\"Future of Recruitment \u2013 Rekrytoinnin tulevaisuus on maailman suurin ty\u00f6nhakijoiden rekrytointimieltymyksi\u00e4 selvitt\u00e4v\u00e4 tutkimus. Tutustu ja lataa raportit!\" \/>\n<meta property=\"og:url\" content=\"https:\/\/laura.fi\/rekrytointi\/tutkimukset\/future-of-recruitment-rekrytoinnin-tulevaisuus\/\" \/>\n<meta property=\"og:site_name\" content=\"Laura.fi\" \/>\n<meta property=\"article:publisher\" content=\"https:\/\/fi-fi.facebook.com\/pages\/Uranusfi\/125289617532043\" \/>\n<meta property=\"article:modified_time\" content=\"2023-12-27T11:27:50+00:00\" \/>\n<meta property=\"og:image\" content=\"https:\/\/laura.fi\/rekrytointi\/wp-content\/uploads\/2017\/10\/huomiokuva_omat-haut-1.png\" \/>\n\t<meta property=\"og:image:width\" content=\"400\" \/>\n\t<meta property=\"og:image:height\" content=\"400\" \/>\n\t<meta property=\"og:image:type\" content=\"image\/png\" \/>\n<meta name=\"twitter:card\" content=\"summary_large_image\" \/>\n<meta name=\"twitter:site\" content=\"@UranusOy\" \/>\n<meta name=\"twitter:label1\" content=\"Est. reading time\" \/>\n\t<meta name=\"twitter:data1\" content=\"5 minuuttia\" \/>\n<script type=\"application\/ld+json\" class=\"yoast-schema-graph\">{\"@context\":\"https:\/\/schema.org\",\"@graph\":[{\"@type\":\"WebPage\",\"@id\":\"https:\/\/laura.fi\/rekrytointi\/tutkimukset\/future-of-recruitment-rekrytoinnin-tulevaisuus\/\",\"url\":\"https:\/\/laura.fi\/rekrytointi\/tutkimukset\/future-of-recruitment-rekrytoinnin-tulevaisuus\/\",\"name\":\"Future of Recruitment - Rekrytoinnin tulevaisuus - Laura.fi\",\"isPartOf\":{\"@id\":\"https:\/\/laura.fi\/rekrytointi\/#website\"},\"datePublished\":\"2023-12-05T07:45:01+00:00\",\"dateModified\":\"2023-12-27T11:27:50+00:00\",\"description\":\"Future of Recruitment \u2013 Rekrytoinnin tulevaisuus on maailman suurin ty\u00f6nhakijoiden rekrytointimieltymyksi\u00e4 selvitt\u00e4v\u00e4 tutkimus. Tutustu ja lataa raportit!\",\"breadcrumb\":{\"@id\":\"https:\/\/laura.fi\/rekrytointi\/tutkimukset\/future-of-recruitment-rekrytoinnin-tulevaisuus\/#breadcrumb\"},\"inLanguage\":\"fi\",\"potentialAction\":[{\"@type\":\"ReadAction\",\"target\":[\"https:\/\/laura.fi\/rekrytointi\/tutkimukset\/future-of-recruitment-rekrytoinnin-tulevaisuus\/\"]}]},{\"@type\":\"BreadcrumbList\",\"@id\":\"https:\/\/laura.fi\/rekrytointi\/tutkimukset\/future-of-recruitment-rekrytoinnin-tulevaisuus\/#breadcrumb\",\"itemListElement\":[{\"@type\":\"ListItem\",\"position\":1,\"name\":\"Etusivu\",\"item\":\"laura.fi\"},{\"@type\":\"ListItem\",\"position\":2,\"name\":\"Tutkimukset\",\"item\":\"https:\/\/laura.fi\/rekrytointi\/tutkimukset\/\"},{\"@type\":\"ListItem\",\"position\":3,\"name\":\"Future of Recruitment &#8211; Rekrytoinnin tulevaisuus\"}]},{\"@type\":\"WebSite\",\"@id\":\"https:\/\/laura.fi\/rekrytointi\/#website\",\"url\":\"https:\/\/laura.fi\/rekrytointi\/\",\"name\":\"Laura.fi\",\"description\":\"Hyvi\u00e4 t\u00f6it\u00e4 ja rekrytointeja n\u00e4kyviss\u00e4\",\"publisher\":{\"@id\":\"https:\/\/laura.fi\/rekrytointi\/#organization\"},\"potentialAction\":[{\"@type\":\"SearchAction\",\"target\":{\"@type\":\"EntryPoint\",\"urlTemplate\":\"https:\/\/laura.fi\/rekrytointi\/?s={search_term_string}\"},\"query-input\":\"required name=search_term_string\"}],\"inLanguage\":\"fi\"},{\"@type\":\"Organization\",\"@id\":\"https:\/\/laura.fi\/rekrytointi\/#organization\",\"name\":\"LAURA Rekrytointi Oy\",\"url\":\"https:\/\/laura.fi\/rekrytointi\/\",\"logo\":{\"@type\":\"ImageObject\",\"inLanguage\":\"fi\",\"@id\":\"https:\/\/laura.fi\/rekrytointi\/#\/schema\/logo\/image\/\",\"url\":\"https:\/\/laura.fi\/rekrytointi\/wp-content\/uploads\/2017\/11\/REKRYCOM.png\",\"contentUrl\":\"https:\/\/laura.fi\/rekrytointi\/wp-content\/uploads\/2017\/11\/REKRYCOM.png\",\"width\":426,\"height\":142,\"caption\":\"LAURA Rekrytointi Oy\"},\"image\":{\"@id\":\"https:\/\/laura.fi\/rekrytointi\/#\/schema\/logo\/image\/\"},\"sameAs\":[\"https:\/\/fi-fi.facebook.com\/pages\/Uranusfi\/125289617532043\",\"https:\/\/twitter.com\/UranusOy\"]}]}<\/script>\n<!-- \/ Yoast SEO plugin. -->","yoast_head_json":{"title":"Future of Recruitment - Rekrytoinnin tulevaisuus - Laura.fi","description":"Future of Recruitment \u2013 Rekrytoinnin tulevaisuus on maailman suurin ty\u00f6nhakijoiden rekrytointimieltymyksi\u00e4 selvitt\u00e4v\u00e4 tutkimus. Tutustu ja lataa raportit!","robots":{"index":"index","follow":"follow","max-snippet":"max-snippet:-1","max-image-preview":"max-image-preview:large","max-video-preview":"max-video-preview:-1"},"canonical":"https:\/\/laura.fi\/rekrytointi\/tutkimukset\/future-of-recruitment-rekrytoinnin-tulevaisuus\/","og_locale":"fi_FI","og_type":"article","og_title":"Future of Recruitment - Rekrytoinnin tulevaisuus - Laura.fi","og_description":"Future of Recruitment \u2013 Rekrytoinnin tulevaisuus on maailman suurin ty\u00f6nhakijoiden rekrytointimieltymyksi\u00e4 selvitt\u00e4v\u00e4 tutkimus. Tutustu ja lataa raportit!","og_url":"https:\/\/laura.fi\/rekrytointi\/tutkimukset\/future-of-recruitment-rekrytoinnin-tulevaisuus\/","og_site_name":"Laura.fi","article_publisher":"https:\/\/fi-fi.facebook.com\/pages\/Uranusfi\/125289617532043","article_modified_time":"2023-12-27T11:27:50+00:00","og_image":[{"width":400,"height":400,"url":"https:\/\/laura.fi\/rekrytointi\/wp-content\/uploads\/2017\/10\/huomiokuva_omat-haut-1.png","type":"image\/png"}],"twitter_card":"summary_large_image","twitter_site":"@UranusOy","twitter_misc":{"Est. reading time":"5 minuuttia"},"schema":{"@context":"https:\/\/schema.org","@graph":[{"@type":"WebPage","@id":"https:\/\/laura.fi\/rekrytointi\/tutkimukset\/future-of-recruitment-rekrytoinnin-tulevaisuus\/","url":"https:\/\/laura.fi\/rekrytointi\/tutkimukset\/future-of-recruitment-rekrytoinnin-tulevaisuus\/","name":"Future of Recruitment - Rekrytoinnin tulevaisuus - Laura.fi","isPartOf":{"@id":"https:\/\/laura.fi\/rekrytointi\/#website"},"datePublished":"2023-12-05T07:45:01+00:00","dateModified":"2023-12-27T11:27:50+00:00","description":"Future of Recruitment \u2013 Rekrytoinnin tulevaisuus on maailman suurin ty\u00f6nhakijoiden rekrytointimieltymyksi\u00e4 selvitt\u00e4v\u00e4 tutkimus. Tutustu ja lataa raportit!","breadcrumb":{"@id":"https:\/\/laura.fi\/rekrytointi\/tutkimukset\/future-of-recruitment-rekrytoinnin-tulevaisuus\/#breadcrumb"},"inLanguage":"fi","potentialAction":[{"@type":"ReadAction","target":["https:\/\/laura.fi\/rekrytointi\/tutkimukset\/future-of-recruitment-rekrytoinnin-tulevaisuus\/"]}]},{"@type":"BreadcrumbList","@id":"https:\/\/laura.fi\/rekrytointi\/tutkimukset\/future-of-recruitment-rekrytoinnin-tulevaisuus\/#breadcrumb","itemListElement":[{"@type":"ListItem","position":1,"name":"Etusivu","item":"laura.fi"},{"@type":"ListItem","position":2,"name":"Tutkimukset","item":"https:\/\/laura.fi\/rekrytointi\/tutkimukset\/"},{"@type":"ListItem","position":3,"name":"Future of Recruitment &#8211; Rekrytoinnin tulevaisuus"}]},{"@type":"WebSite","@id":"https:\/\/laura.fi\/rekrytointi\/#website","url":"https:\/\/laura.fi\/rekrytointi\/","name":"Laura.fi","description":"Hyvi\u00e4 t\u00f6it\u00e4 ja rekrytointeja n\u00e4kyviss\u00e4","publisher":{"@id":"https:\/\/laura.fi\/rekrytointi\/#organization"},"potentialAction":[{"@type":"SearchAction","target":{"@type":"EntryPoint","urlTemplate":"https:\/\/laura.fi\/rekrytointi\/?s={search_term_string}"},"query-input":"required name=search_term_string"}],"inLanguage":"fi"},{"@type":"Organization","@id":"https:\/\/laura.fi\/rekrytointi\/#organization","name":"LAURA Rekrytointi Oy","url":"https:\/\/laura.fi\/rekrytointi\/","logo":{"@type":"ImageObject","inLanguage":"fi","@id":"https:\/\/laura.fi\/rekrytointi\/#\/schema\/logo\/image\/","url":"https:\/\/laura.fi\/rekrytointi\/wp-content\/uploads\/2017\/11\/REKRYCOM.png","contentUrl":"https:\/\/laura.fi\/rekrytointi\/wp-content\/uploads\/2017\/11\/REKRYCOM.png","width":426,"height":142,"caption":"LAURA Rekrytointi Oy"},"image":{"@id":"https:\/\/laura.fi\/rekrytointi\/#\/schema\/logo\/image\/"},"sameAs":["https:\/\/fi-fi.facebook.com\/pages\/Uranusfi\/125289617532043","https:\/\/twitter.com\/UranusOy"]}]}},"_links":{"self":[{"href":"https:\/\/laura.fi\/rekrytointi\/wp-json\/wp\/v2\/pages\/35420","targetHints":{"allow":["GET"]}}],"collection":[{"href":"https:\/\/laura.fi\/rekrytointi\/wp-json\/wp\/v2\/pages"}],"about":[{"href":"https:\/\/laura.fi\/rekrytointi\/wp-json\/wp\/v2\/types\/page"}],"author":[{"embeddable":true,"href":"https:\/\/laura.fi\/rekrytointi\/wp-json\/wp\/v2\/users\/25"}],"replies":[{"embeddable":true,"href":"https:\/\/laura.fi\/rekrytointi\/wp-json\/wp\/v2\/comments?post=35420"}],"version-history":[{"count":83,"href":"https:\/\/laura.fi\/rekrytointi\/wp-json\/wp\/v2\/pages\/35420\/revisions"}],"predecessor-version":[{"id":38353,"href":"https:\/\/laura.fi\/rekrytointi\/wp-json\/wp\/v2\/pages\/35420\/revisions\/38353"}],"up":[{"embeddable":true,"href":"https:\/\/laura.fi\/rekrytointi\/wp-json\/wp\/v2\/pages\/35416"}],"wp:attachment":[{"href":"https:\/\/laura.fi\/rekrytointi\/wp-json\/wp\/v2\/media?parent=35420"}],"curies":[{"name":"wp","href":"https:\/\/api.w.org\/{rel}","templated":true}]}}