{"id":34868,"date":"2023-11-05T19:34:14","date_gmt":"2023-11-05T17:34:14","guid":{"rendered":"https:\/\/laura.fi\/rekrytointi\/?page_id=34868"},"modified":"2026-03-27T12:53:30","modified_gmt":"2026-03-27T10:53:30","slug":"tyopaikkailmoittelu","status":"publish","type":"page","link":"https:\/\/laura.fi\/rekrytointi\/ratkaisut\/tyopaikkailmoittelu\/","title":{"rendered":"Ty\u00f6paikkailmoittelu"},"content":{"rendered":"<div id=\"cs-content\" class=\"cs-content\"><\/div>\n","protected":false},"excerpt":{"rendered":"<p>TY\u00d6PAIKKAILMOITTELUTavoita ty\u00f6nhakijat monikanavaisestiJulkaise ty\u00f6paikkailmoitus ja saat ty\u00f6paikallesi enemm\u00e4n n\u00e4kyvyytt\u00e4. Laura.fi auttaa kasvattamaan ty\u00f6paikkasi n\u00e4kyvyytt\u00e4 ja tavoittamaan juuri oikeat hakijat monipuolisesti eri kanavissa. Lauran avulla tavoitat halutut osaajat ja onnistut rekrytoinnissasi.Valitse Normaali- tai Korostettu-ilmoitusNormaali ilmoitus230 \u20ac+ alvNormaali-ilmoitukseen sis\u00e4ltyy&#xf00c;Ilmoituksen esill\u00e4olo 30 vrk&#xf00c;Ilmoittajan logo &#xf00c;Linkitykset halutuille verkkosivuille&#xf00c;Linkki ilmoittajan videoon&#xf00c;N\u00e4kyvyys listaussivun k\u00e4rjess\u00e4 julkaisun yhteydess\u00e4&#xf00c;N\u00e4kyvyys laajassa verkostossamme &#xf00c;Ilmoitusten hallinnointi &#xf00c;Laadunvarmistus &#xf00c;Tyytyv\u00e4isyystakuu J\u00e4t\u00e4 ilmoitusKorostettu ilmoitus590 \u20ac+ &#8230; <\/p>\n<div><a href=\"https:\/\/laura.fi\/rekrytointi\/ratkaisut\/tyopaikkailmoittelu\/\" class=\"more-link\">Lue lis\u00e4\u00e4<\/a><\/div>\n","protected":false},"author":25,"featured_media":0,"parent":34649,"menu_order":0,"comment_status":"closed","ping_status":"closed","template":"template-layout-full-width.php","meta":{"footnotes":""},"class_list":["post-34868","page","type-page","status-publish","hentry","no-post-thumbnail"],"yoast_head":"<!-- This site is optimized with the Yoast SEO plugin v20.9 - https:\/\/yoast.com\/wordpress\/plugins\/seo\/ -->\n<title>Julkaise ty\u00f6paikkailmoitus - tuo ty\u00f6paikkasi n\u00e4kyville<\/title>\n<meta name=\"description\" content=\"Julkaise ty\u00f6paikkailmoitus Laura.fi-sivustolla ja tavoita parhaat ty\u00f6nhakijat tehokkaasti laajassa verkostossamme.\" \/>\n<meta name=\"robots\" content=\"index, follow, max-snippet:-1, max-image-preview:large, max-video-preview:-1\" \/>\n<link rel=\"canonical\" href=\"https:\/\/laura.fi\/rekrytointi\/ratkaisut\/tyopaikkailmoittelu\/\" \/>\n<meta property=\"og:locale\" content=\"fi_FI\" \/>\n<meta property=\"og:type\" content=\"article\" \/>\n<meta property=\"og:title\" content=\"Julkaise ty\u00f6paikkailmoitus Laura.fi:ss\u00e4 ja tuo ty\u00f6paikkasi n\u00e4kyville\" \/>\n<meta property=\"og:description\" content=\"Julkaise ty\u00f6paikkailmoitus Laura.fi-sivustolla ja tavoita ty\u00f6nhakijat monikanavaisesti. Laura tekee rekrytoinnistasi n\u00e4kyv\u00e4\u00e4 laajassa mediaverkostossamme.\" \/>\n<meta property=\"og:url\" content=\"https:\/\/laura.fi\/rekrytointi\/ratkaisut\/tyopaikkailmoittelu\/\" \/>\n<meta property=\"og:site_name\" content=\"Laura.fi\" \/>\n<meta property=\"article:publisher\" content=\"https:\/\/fi-fi.facebook.com\/pages\/Uranusfi\/125289617532043\" \/>\n<meta property=\"article:modified_time\" content=\"2026-03-27T10:53:30+00:00\" \/>\n<meta property=\"og:image\" content=\"https:\/\/laura.fi\/rekrytointi\/wp-content\/uploads\/2024\/01\/Tyopaikkailmoittelu-1200x628-1.jpg\" \/>\n\t<meta property=\"og:image:width\" content=\"1200\" \/>\n\t<meta property=\"og:image:height\" content=\"628\" \/>\n\t<meta property=\"og:image:type\" content=\"image\/jpeg\" \/>\n<meta name=\"twitter:card\" content=\"summary_large_image\" \/>\n<meta name=\"twitter:title\" content=\"Julkaise ty\u00f6paikkailmoitus Laura.fi:ss\u00e4 ja tuo ty\u00f6paikkasi n\u00e4kyville\" \/>\n<meta name=\"twitter:description\" content=\"Julkaise ty\u00f6paikkailmoitus Laura.fi-sivustolla ja tavoita ty\u00f6nhakijat monikanavaisesti. Laura tekee rekrytoinnistasi n\u00e4kyv\u00e4\u00e4 laajassa mediaverkostossamme.\" \/>\n<meta name=\"twitter:image\" content=\"https:\/\/laura.fi\/rekrytointi\/wp-content\/uploads\/2024\/01\/Tyopaikkailmoittelu-1200x628-1.jpg\" \/>\n<meta name=\"twitter:site\" content=\"@UranusOy\" \/>\n<meta name=\"twitter:label1\" content=\"Est. reading time\" \/>\n\t<meta name=\"twitter:data1\" content=\"7 minuuttia\" \/>\n<script type=\"application\/ld+json\" class=\"yoast-schema-graph\">{\"@context\":\"https:\/\/schema.org\",\"@graph\":[{\"@type\":\"WebPage\",\"@id\":\"https:\/\/laura.fi\/rekrytointi\/ratkaisut\/tyopaikkailmoittelu\/\",\"url\":\"https:\/\/laura.fi\/rekrytointi\/ratkaisut\/tyopaikkailmoittelu\/\",\"name\":\"Julkaise ty\u00f6paikkailmoitus - tuo ty\u00f6paikkasi n\u00e4kyville\",\"isPartOf\":{\"@id\":\"https:\/\/laura.fi\/rekrytointi\/#website\"},\"datePublished\":\"2023-11-05T17:34:14+00:00\",\"dateModified\":\"2026-03-27T10:53:30+00:00\",\"description\":\"Julkaise ty\u00f6paikkailmoitus Laura.fi-sivustolla ja tavoita parhaat ty\u00f6nhakijat tehokkaasti laajassa verkostossamme.\",\"breadcrumb\":{\"@id\":\"https:\/\/laura.fi\/rekrytointi\/ratkaisut\/tyopaikkailmoittelu\/#breadcrumb\"},\"inLanguage\":\"fi\",\"potentialAction\":[{\"@type\":\"ReadAction\",\"target\":[\"https:\/\/laura.fi\/rekrytointi\/ratkaisut\/tyopaikkailmoittelu\/\"]}]},{\"@type\":\"BreadcrumbList\",\"@id\":\"https:\/\/laura.fi\/rekrytointi\/ratkaisut\/tyopaikkailmoittelu\/#breadcrumb\",\"itemListElement\":[{\"@type\":\"ListItem\",\"position\":1,\"name\":\"Etusivu\",\"item\":\"laura.fi\"},{\"@type\":\"ListItem\",\"position\":2,\"name\":\"Ratkaisut\",\"item\":\"https:\/\/laura.fi\/rekrytointi\/ratkaisut\/\"},{\"@type\":\"ListItem\",\"position\":3,\"name\":\"Ty\u00f6paikkailmoittelu\"}]},{\"@type\":\"WebSite\",\"@id\":\"https:\/\/laura.fi\/rekrytointi\/#website\",\"url\":\"https:\/\/laura.fi\/rekrytointi\/\",\"name\":\"Laura.fi\",\"description\":\"Hyvi\u00e4 t\u00f6it\u00e4 ja rekrytointeja n\u00e4kyviss\u00e4\",\"publisher\":{\"@id\":\"https:\/\/laura.fi\/rekrytointi\/#organization\"},\"potentialAction\":[{\"@type\":\"SearchAction\",\"target\":{\"@type\":\"EntryPoint\",\"urlTemplate\":\"https:\/\/laura.fi\/rekrytointi\/?s={search_term_string}\"},\"query-input\":\"required name=search_term_string\"}],\"inLanguage\":\"fi\"},{\"@type\":\"Organization\",\"@id\":\"https:\/\/laura.fi\/rekrytointi\/#organization\",\"name\":\"LAURA Rekrytointi Oy\",\"url\":\"https:\/\/laura.fi\/rekrytointi\/\",\"logo\":{\"@type\":\"ImageObject\",\"inLanguage\":\"fi\",\"@id\":\"https:\/\/laura.fi\/rekrytointi\/#\/schema\/logo\/image\/\",\"url\":\"https:\/\/laura.fi\/rekrytointi\/wp-content\/uploads\/2017\/11\/REKRYCOM.png\",\"contentUrl\":\"https:\/\/laura.fi\/rekrytointi\/wp-content\/uploads\/2017\/11\/REKRYCOM.png\",\"width\":426,\"height\":142,\"caption\":\"LAURA Rekrytointi Oy\"},\"image\":{\"@id\":\"https:\/\/laura.fi\/rekrytointi\/#\/schema\/logo\/image\/\"},\"sameAs\":[\"https:\/\/fi-fi.facebook.com\/pages\/Uranusfi\/125289617532043\",\"https:\/\/twitter.com\/UranusOy\"]}]}<\/script>\n<!-- \/ Yoast SEO plugin. -->","yoast_head_json":{"title":"Julkaise ty\u00f6paikkailmoitus - tuo ty\u00f6paikkasi n\u00e4kyville","description":"Julkaise ty\u00f6paikkailmoitus Laura.fi-sivustolla ja tavoita parhaat ty\u00f6nhakijat tehokkaasti laajassa verkostossamme.","robots":{"index":"index","follow":"follow","max-snippet":"max-snippet:-1","max-image-preview":"max-image-preview:large","max-video-preview":"max-video-preview:-1"},"canonical":"https:\/\/laura.fi\/rekrytointi\/ratkaisut\/tyopaikkailmoittelu\/","og_locale":"fi_FI","og_type":"article","og_title":"Julkaise ty\u00f6paikkailmoitus Laura.fi:ss\u00e4 ja tuo ty\u00f6paikkasi n\u00e4kyville","og_description":"Julkaise ty\u00f6paikkailmoitus Laura.fi-sivustolla ja tavoita ty\u00f6nhakijat monikanavaisesti. Laura tekee rekrytoinnistasi n\u00e4kyv\u00e4\u00e4 laajassa mediaverkostossamme.","og_url":"https:\/\/laura.fi\/rekrytointi\/ratkaisut\/tyopaikkailmoittelu\/","og_site_name":"Laura.fi","article_publisher":"https:\/\/fi-fi.facebook.com\/pages\/Uranusfi\/125289617532043","article_modified_time":"2026-03-27T10:53:30+00:00","og_image":[{"width":1200,"height":628,"url":"https:\/\/laura.fi\/rekrytointi\/wp-content\/uploads\/2024\/01\/Tyopaikkailmoittelu-1200x628-1.jpg","type":"image\/jpeg"}],"twitter_card":"summary_large_image","twitter_title":"Julkaise ty\u00f6paikkailmoitus Laura.fi:ss\u00e4 ja tuo ty\u00f6paikkasi n\u00e4kyville","twitter_description":"Julkaise ty\u00f6paikkailmoitus Laura.fi-sivustolla ja tavoita ty\u00f6nhakijat monikanavaisesti. Laura tekee rekrytoinnistasi n\u00e4kyv\u00e4\u00e4 laajassa mediaverkostossamme.","twitter_image":"https:\/\/laura.fi\/rekrytointi\/wp-content\/uploads\/2024\/01\/Tyopaikkailmoittelu-1200x628-1.jpg","twitter_site":"@UranusOy","twitter_misc":{"Est. reading time":"7 minuuttia"},"schema":{"@context":"https:\/\/schema.org","@graph":[{"@type":"WebPage","@id":"https:\/\/laura.fi\/rekrytointi\/ratkaisut\/tyopaikkailmoittelu\/","url":"https:\/\/laura.fi\/rekrytointi\/ratkaisut\/tyopaikkailmoittelu\/","name":"Julkaise ty\u00f6paikkailmoitus - tuo ty\u00f6paikkasi n\u00e4kyville","isPartOf":{"@id":"https:\/\/laura.fi\/rekrytointi\/#website"},"datePublished":"2023-11-05T17:34:14+00:00","dateModified":"2026-03-27T10:53:30+00:00","description":"Julkaise ty\u00f6paikkailmoitus Laura.fi-sivustolla ja tavoita parhaat ty\u00f6nhakijat tehokkaasti laajassa verkostossamme.","breadcrumb":{"@id":"https:\/\/laura.fi\/rekrytointi\/ratkaisut\/tyopaikkailmoittelu\/#breadcrumb"},"inLanguage":"fi","potentialAction":[{"@type":"ReadAction","target":["https:\/\/laura.fi\/rekrytointi\/ratkaisut\/tyopaikkailmoittelu\/"]}]},{"@type":"BreadcrumbList","@id":"https:\/\/laura.fi\/rekrytointi\/ratkaisut\/tyopaikkailmoittelu\/#breadcrumb","itemListElement":[{"@type":"ListItem","position":1,"name":"Etusivu","item":"laura.fi"},{"@type":"ListItem","position":2,"name":"Ratkaisut","item":"https:\/\/laura.fi\/rekrytointi\/ratkaisut\/"},{"@type":"ListItem","position":3,"name":"Ty\u00f6paikkailmoittelu"}]},{"@type":"WebSite","@id":"https:\/\/laura.fi\/rekrytointi\/#website","url":"https:\/\/laura.fi\/rekrytointi\/","name":"Laura.fi","description":"Hyvi\u00e4 t\u00f6it\u00e4 ja rekrytointeja n\u00e4kyviss\u00e4","publisher":{"@id":"https:\/\/laura.fi\/rekrytointi\/#organization"},"potentialAction":[{"@type":"SearchAction","target":{"@type":"EntryPoint","urlTemplate":"https:\/\/laura.fi\/rekrytointi\/?s={search_term_string}"},"query-input":"required name=search_term_string"}],"inLanguage":"fi"},{"@type":"Organization","@id":"https:\/\/laura.fi\/rekrytointi\/#organization","name":"LAURA Rekrytointi Oy","url":"https:\/\/laura.fi\/rekrytointi\/","logo":{"@type":"ImageObject","inLanguage":"fi","@id":"https:\/\/laura.fi\/rekrytointi\/#\/schema\/logo\/image\/","url":"https:\/\/laura.fi\/rekrytointi\/wp-content\/uploads\/2017\/11\/REKRYCOM.png","contentUrl":"https:\/\/laura.fi\/rekrytointi\/wp-content\/uploads\/2017\/11\/REKRYCOM.png","width":426,"height":142,"caption":"LAURA Rekrytointi Oy"},"image":{"@id":"https:\/\/laura.fi\/rekrytointi\/#\/schema\/logo\/image\/"},"sameAs":["https:\/\/fi-fi.facebook.com\/pages\/Uranusfi\/125289617532043","https:\/\/twitter.com\/UranusOy"]}]}},"_links":{"self":[{"href":"https:\/\/laura.fi\/rekrytointi\/wp-json\/wp\/v2\/pages\/34868","targetHints":{"allow":["GET"]}}],"collection":[{"href":"https:\/\/laura.fi\/rekrytointi\/wp-json\/wp\/v2\/pages"}],"about":[{"href":"https:\/\/laura.fi\/rekrytointi\/wp-json\/wp\/v2\/types\/page"}],"author":[{"embeddable":true,"href":"https:\/\/laura.fi\/rekrytointi\/wp-json\/wp\/v2\/users\/25"}],"replies":[{"embeddable":true,"href":"https:\/\/laura.fi\/rekrytointi\/wp-json\/wp\/v2\/comments?post=34868"}],"version-history":[{"count":26,"href":"https:\/\/laura.fi\/rekrytointi\/wp-json\/wp\/v2\/pages\/34868\/revisions"}],"predecessor-version":[{"id":42626,"href":"https:\/\/laura.fi\/rekrytointi\/wp-json\/wp\/v2\/pages\/34868\/revisions\/42626"}],"up":[{"embeddable":true,"href":"https:\/\/laura.fi\/rekrytointi\/wp-json\/wp\/v2\/pages\/34649"}],"wp:attachment":[{"href":"https:\/\/laura.fi\/rekrytointi\/wp-json\/wp\/v2\/media?parent=34868"}],"curies":[{"name":"wp","href":"https:\/\/api.w.org\/{rel}","templated":true}]}}